{"id":111018,"date":"2023-03-29T13:47:41","date_gmt":"2023-03-29T13:47:41","guid":{"rendered":"https:\/\/portoalities.com\/add_faq\/e-se-estiver-chovendo-no-dia-do-tour\/"},"modified":"2023-05-03T10:17:53","modified_gmt":"2023-05-03T10:17:53","slug":"e-se-estiver-chovendo-no-dia-do-tour","status":"publish","type":"add_faq","link":"https:\/\/portoalities.com\/pt\/add_faq\/e-se-estiver-chovendo-no-dia-do-tour\/","title":{"rendered":"E se estiver chovendo no dia do tour?"},"content":{"rendered":"\n<p>N\u00f3s realizamos nossos tours fa\u00e7a chuva ou fa\u00e7a sol, mas entendemos que algumas pessoas podem n\u00e3o se sentir confort\u00e1veis caminhando na chuva. Nesse caso, temos algumas op\u00e7\u00f5es para tornar o passeio mais agrad\u00e1vel para voc\u00ea. &#13;\n&#13;\nPodemos parar num caf\u00e9 acolhedor para tomar uma bebida quentinha enquanto esperamos a chuva passar, e tamb\u00e9m podemos passar mais tempo dentro de monumentos.<\/p>\n\n<p>Recomendamos que venha preparado, pois o clima do Porto pode ser imprevis\u00edvel. \u00c9 bom levar um casaco imperme\u00e1vel, sapatos ou botas confort\u00e1veis para caminhar e um cachecol para se proteger do vento.<\/p>\n\n<p>Caso a previs\u00e3o seja de chuva forte e voc\u00ea prefira remarcar o tour para outro dia, ficaremos felizes em atender sua solicita\u00e7\u00e3o (sujeito a disponibilidade). Basta nos avisar o mais r\u00e1pido poss\u00edvel para que possamos tomar as provid\u00eancias necess\u00e1rias.<\/p>\n","protected":false},"excerpt":{"rendered":"<p>N\u00f3s realizamos nossos tours fa\u00e7a chuva ou fa\u00e7a sol, mas entendemos que algumas pessoas podem n\u00e3o se sentir confort\u00e1veis caminhando\u2026<\/p>\n","protected":false},"featured_media":0,"parent":0,"menu_order":7,"template":"","meta":[],"class_list":["post-111018","add_faq","type-add_faq","status-publish","hentry"],"yoast_head":"<!-- This site is optimized with the Yoast SEO plugin v27.2 - https:\/\/yoast.com\/product\/yoast-seo-wordpress\/ -->\n<title>E se estiver chovendo no dia do tour? - Portoalities: Travel blog and Private tours in Porto and Douro Valley<\/title>\n<meta name=\"robots\" content=\"index, follow, max-snippet:-1, max-image-preview:large, max-video-preview:-1\" \/>\n<link rel=\"canonical\" href=\"https:\/\/portoalities.com\/en\/add_faq\/what-if-it-is-raining\/\" \/>\n<meta property=\"og:locale\" content=\"pt_PT\" \/>\n<meta property=\"og:type\" content=\"article\" \/>\n<meta property=\"og:title\" content=\"E se estiver chovendo no dia do tour? - Portoalities: Travel blog and Private tours in Porto and Douro Valley\" \/>\n<meta property=\"og:description\" content=\"N\u00f3s realizamos nossos tours fa\u00e7a chuva ou fa\u00e7a sol, mas entendemos que algumas pessoas podem n\u00e3o se sentir confort\u00e1veis caminhando\u2026\" \/>\n<meta property=\"og:url\" content=\"https:\/\/portoalities.com\/en\/add_faq\/what-if-it-is-raining\/\" \/>\n<meta property=\"og:site_name\" content=\"Portoalities: Travel blog and Private tours in Porto and Douro Valley\" \/>\n<meta property=\"article:modified_time\" content=\"2023-05-03T10:17:53+00:00\" \/>\n<meta name=\"twitter:card\" content=\"summary_large_image\" \/>\n<meta name=\"twitter:label1\" content=\"Tempo estimado de leitura\" \/>\n\t<meta name=\"twitter:data1\" content=\"1 minuto\" \/>\n<script type=\"application\/ld+json\" class=\"yoast-schema-graph\">{\"@context\":\"https:\/\/schema.org\",\"@graph\":[{\"@type\":\"WebPage\",\"@id\":\"https:\/\/portoalities.com\/en\/add_faq\/what-if-it-is-raining\/\",\"url\":\"https:\/\/portoalities.com\/en\/add_faq\/what-if-it-is-raining\/\",\"name\":\"E se estiver chovendo no dia do tour? - Portoalities: Travel blog and Private tours in Porto and Douro Valley\",\"isPartOf\":{\"@id\":\"https:\/\/portoalities.com\/en\/#website\"},\"datePublished\":\"2023-03-29T13:47:41+00:00\",\"dateModified\":\"2023-05-03T10:17:53+00:00\",\"breadcrumb\":{\"@id\":\"https:\/\/portoalities.com\/en\/add_faq\/what-if-it-is-raining\/#breadcrumb\"},\"inLanguage\":\"pt-PT\",\"potentialAction\":[{\"@type\":\"ReadAction\",\"target\":[\"https:\/\/portoalities.com\/en\/add_faq\/what-if-it-is-raining\/\"]}]},{\"@type\":\"BreadcrumbList\",\"@id\":\"https:\/\/portoalities.com\/en\/add_faq\/what-if-it-is-raining\/#breadcrumb\",\"itemListElement\":[{\"@type\":\"ListItem\",\"position\":1,\"name\":\"Home\",\"item\":\"https:\/\/portoalities.com\/pt\/\"},{\"@type\":\"ListItem\",\"position\":2,\"name\":\"E se estiver chovendo no dia do tour?\"}]},{\"@type\":\"WebSite\",\"@id\":\"https:\/\/portoalities.com\/en\/#website\",\"url\":\"https:\/\/portoalities.com\/en\/\",\"name\":\"Portoalities: Travel blog and Private tours in Porto and Douro Valley\",\"description\":\"\",\"potentialAction\":[{\"@type\":\"SearchAction\",\"target\":{\"@type\":\"EntryPoint\",\"urlTemplate\":\"https:\/\/portoalities.com\/en\/?s={search_term_string}\"},\"query-input\":{\"@type\":\"PropertyValueSpecification\",\"valueRequired\":true,\"valueName\":\"search_term_string\"}}],\"inLanguage\":\"pt-PT\"}]}<\/script>\n<!-- \/ Yoast SEO plugin. -->","yoast_head_json":{"title":"E se estiver chovendo no dia do tour? - Portoalities: Travel blog and Private tours in Porto and Douro Valley","robots":{"index":"index","follow":"follow","max-snippet":"max-snippet:-1","max-image-preview":"max-image-preview:large","max-video-preview":"max-video-preview:-1"},"canonical":"https:\/\/portoalities.com\/en\/add_faq\/what-if-it-is-raining\/","og_locale":"pt_PT","og_type":"article","og_title":"E se estiver chovendo no dia do tour? - Portoalities: Travel blog and Private tours in Porto and Douro Valley","og_description":"N\u00f3s realizamos nossos tours fa\u00e7a chuva ou fa\u00e7a sol, mas entendemos que algumas pessoas podem n\u00e3o se sentir confort\u00e1veis caminhando\u2026","og_url":"https:\/\/portoalities.com\/en\/add_faq\/what-if-it-is-raining\/","og_site_name":"Portoalities: Travel blog and Private tours in Porto and Douro Valley","article_modified_time":"2023-05-03T10:17:53+00:00","twitter_card":"summary_large_image","twitter_misc":{"Tempo estimado de leitura":"1 minuto"},"schema":{"@context":"https:\/\/schema.org","@graph":[{"@type":"WebPage","@id":"https:\/\/portoalities.com\/en\/add_faq\/what-if-it-is-raining\/","url":"https:\/\/portoalities.com\/en\/add_faq\/what-if-it-is-raining\/","name":"E se estiver chovendo no dia do tour? - Portoalities: Travel blog and Private tours in Porto and Douro Valley","isPartOf":{"@id":"https:\/\/portoalities.com\/en\/#website"},"datePublished":"2023-03-29T13:47:41+00:00","dateModified":"2023-05-03T10:17:53+00:00","breadcrumb":{"@id":"https:\/\/portoalities.com\/en\/add_faq\/what-if-it-is-raining\/#breadcrumb"},"inLanguage":"pt-PT","potentialAction":[{"@type":"ReadAction","target":["https:\/\/portoalities.com\/en\/add_faq\/what-if-it-is-raining\/"]}]},{"@type":"BreadcrumbList","@id":"https:\/\/portoalities.com\/en\/add_faq\/what-if-it-is-raining\/#breadcrumb","itemListElement":[{"@type":"ListItem","position":1,"name":"Home","item":"https:\/\/portoalities.com\/pt\/"},{"@type":"ListItem","position":2,"name":"E se estiver chovendo no dia do tour?"}]},{"@type":"WebSite","@id":"https:\/\/portoalities.com\/en\/#website","url":"https:\/\/portoalities.com\/en\/","name":"Portoalities: Travel blog and Private tours in Porto and Douro Valley","description":"","potentialAction":[{"@type":"SearchAction","target":{"@type":"EntryPoint","urlTemplate":"https:\/\/portoalities.com\/en\/?s={search_term_string}"},"query-input":{"@type":"PropertyValueSpecification","valueRequired":true,"valueName":"search_term_string"}}],"inLanguage":"pt-PT"}]}},"_links":{"self":[{"href":"https:\/\/portoalities.com\/pt\/wp-json\/wp\/v2\/add_faq\/111018","targetHints":{"allow":["GET"]}}],"collection":[{"href":"https:\/\/portoalities.com\/pt\/wp-json\/wp\/v2\/add_faq"}],"about":[{"href":"https:\/\/portoalities.com\/pt\/wp-json\/wp\/v2\/types\/add_faq"}],"wp:attachment":[{"href":"https:\/\/portoalities.com\/pt\/wp-json\/wp\/v2\/media?parent=111018"}],"curies":[{"name":"wp","href":"https:\/\/api.w.org\/{rel}","templated":true}]}}

<p>Nós realizamos nossos tours faça chuva ou faça sol, mas entendemos que algumas pessoas podem não se sentir confortáveis caminhando na chuva. Nesse caso, temos algumas opções para tornar o passeio mais agradável para você. &#13;
&#13;
Podemos parar num café acolhedor para tomar uma bebida quentinha enquanto esperamos a chuva passar, e também podemos passar mais tempo dentro de monumentos.</p>

<p>Recomendamos que venha preparado, pois o clima do Porto pode ser imprevisível. É bom levar um casaco impermeável, sapatos ou botas confortáveis para caminhar e um cachecol para se proteger do vento.</p>

<p>Caso a previsão seja de chuva forte e você prefira remarcar o tour para outro dia, ficaremos felizes em atender sua solicitação (sujeito a disponibilidade). Basta nos avisar o mais rápido possível para que possamos tomar as providências necessárias.</p>

<p>Nós realizamos nossos tours faça chuva ou faça sol, mas entendemos que algumas pessoas podem não se sentir confortáveis caminhando…</p>

<!-- This site is optimized with the Yoast SEO plugin v27.2 - https://yoast.com/product/yoast-seo-wordpress/ -->
<title>E se estiver chovendo no dia do tour? - Portoalities: Travel blog and Private tours in Porto and Douro Valley</title>
<meta name="robots" content="index, follow, max-snippet:-1, max-image-preview:large, max-video-preview:-1" />
<link rel="canonical" href="https://portoalities.com/en/add_faq/what-if-it-is-raining/" />
<meta property="og:locale" content="pt_PT" />
<meta property="og:type" content="article" />
<meta property="og:title" content="E se estiver chovendo no dia do tour? - Portoalities: Travel blog and Private tours in Porto and Douro Valley" />
<meta property="og:description" content="Nós realizamos nossos tours faça chuva ou faça sol, mas entendemos que algumas pessoas podem não se sentir confortáveis caminhando…" />
<meta property="og:url" content="https://portoalities.com/en/add_faq/what-if-it-is-raining/" />
<meta property="og:site_name" content="Portoalities: Travel blog and Private tours in Porto and Douro Valley" />
<meta property="article:modified_time" content="2023-05-03T10:17:53+00:00" />
<meta name="twitter:card" content="summary_large_image" />
<meta name="twitter:label1" content="Tempo estimado de leitura" />
	<meta name="twitter:data1" content="1 minuto" />
<script type="application/ld+json" class="yoast-schema-graph">{"@context":"https://schema.org","@graph":[{"@type":"WebPage","@id":"https://portoalities.com/en/add_faq/what-if-it-is-raining/","url":"https://portoalities.com/en/add_faq/what-if-it-is-raining/","name":"E se estiver chovendo no dia do tour? - Portoalities: Travel blog and Private tours in Porto and Douro Valley","isPartOf":{"@id":"https://portoalities.com/en/#website"},"datePublished":"2023-03-29T13:47:41+00:00","dateModified":"2023-05-03T10:17:53+00:00","breadcrumb":{"@id":"https://portoalities.com/en/add_faq/what-if-it-is-raining/#breadcrumb"},"inLanguage":"pt-PT","potentialAction":[{"@type":"ReadAction","target":["https://portoalities.com/en/add_faq/what-if-it-is-raining/"]}]},{"@type":"BreadcrumbList","@id":"https://portoalities.com/en/add_faq/what-if-it-is-raining/#breadcrumb","itemListElement":[{"@type":"ListItem","position":1,"name":"Home","item":"https://portoalities.com/pt/"},{"@type":"ListItem","position":2,"name":"E se estiver chovendo no dia do tour?"}]},{"@type":"WebSite","@id":"https://portoalities.com/en/#website","url":"https://portoalities.com/en/","name":"Portoalities: Travel blog and Private tours in Porto and Douro Valley","description":"","potentialAction":[{"@type":"SearchAction","target":{"@type":"EntryPoint","urlTemplate":"https://portoalities.com/en/?s={search_term_string}"},"query-input":{"@type":"PropertyValueSpecification","valueRequired":true,"valueName":"search_term_string"}}],"inLanguage":"pt-PT"}]}</script>
<!-- / Yoast SEO plugin. -->

Nós realizamos nossos tours faça chuva ou faça sol, mas entendemos que algumas pessoas podem não se sentir confortáveis caminhando…
