{"id":111020,"date":"2023-03-29T13:51:43","date_gmt":"2023-03-29T13:51:43","guid":{"rendered":"https:\/\/portoalities.com\/add_faq\/o-tour-de-meio-dia-no-porto-e-apropriado-para-criancas\/"},"modified":"2023-05-03T10:17:54","modified_gmt":"2023-05-03T10:17:54","slug":"o-tour-de-meio-dia-no-porto-e-apropriado-para-criancas","status":"publish","type":"add_faq","link":"https:\/\/portoalities.com\/pt\/add_faq\/o-tour-de-meio-dia-no-porto-e-apropriado-para-criancas\/","title":{"rendered":"O tour de meio dia no Porto \u00e9 apropriado para crian\u00e7as?"},"content":{"rendered":"\n<p>Embora o nossa tour de meio dia no Porto tenha um conte\u00fado focado na hist\u00f3ria que pode n\u00e3o ser ideal para crian\u00e7as muito pequenas, nossos guias s\u00e3o e \u00f3timos com crian\u00e7as. Damos as boas vindas a todas as fam\u00edlias com crian\u00e7as que se juntarem a n\u00f3s em nossos tours, garantindo que todos se sintam inclu\u00eddos e engajados.<\/p>\n\n<p>Al\u00e9m disso, durante os nossos tours fazemos sempre uma paragem na melhor sorveteria do Porto, que \u00e9 um sucesso entre os mi\u00fados (e os adultos tamb\u00e9m!). Ent\u00e3o, traga os mais pequenos e deixe-nos mostrar-lhes o melhor do Porto!<\/p>\n","protected":false},"excerpt":{"rendered":"<p>Embora o nossa tour de meio dia no Porto tenha um conte\u00fado focado na hist\u00f3ria que pode n\u00e3o ser ideal\u2026<\/p>\n","protected":false},"featured_media":0,"parent":0,"menu_order":9,"template":"","meta":[],"class_list":["post-111020","add_faq","type-add_faq","status-publish","hentry"],"yoast_head":"<!-- This site is optimized with the Yoast SEO plugin v27.2 - https:\/\/yoast.com\/product\/yoast-seo-wordpress\/ -->\n<title>O tour de meio dia no Porto \u00e9 apropriado para crian\u00e7as? - Portoalities: Travel blog and Private tours in Porto and Douro Valley<\/title>\n<meta name=\"robots\" content=\"index, follow, max-snippet:-1, max-image-preview:large, max-video-preview:-1\" \/>\n<link rel=\"canonical\" href=\"https:\/\/portoalities.com\/en\/add_faq\/is-the-half-day-tour-of-porto-appropriate-for-children\/\" \/>\n<meta property=\"og:locale\" content=\"pt_PT\" \/>\n<meta property=\"og:type\" content=\"article\" \/>\n<meta property=\"og:title\" content=\"O tour de meio dia no Porto \u00e9 apropriado para crian\u00e7as? - Portoalities: Travel blog and Private tours in Porto and Douro Valley\" \/>\n<meta property=\"og:description\" content=\"Embora o nossa tour de meio dia no Porto tenha um conte\u00fado focado na hist\u00f3ria que pode n\u00e3o ser ideal\u2026\" \/>\n<meta property=\"og:url\" content=\"https:\/\/portoalities.com\/en\/add_faq\/is-the-half-day-tour-of-porto-appropriate-for-children\/\" \/>\n<meta property=\"og:site_name\" content=\"Portoalities: Travel blog and Private tours in Porto and Douro Valley\" \/>\n<meta property=\"article:modified_time\" content=\"2023-05-03T10:17:54+00:00\" \/>\n<meta name=\"twitter:card\" content=\"summary_large_image\" \/>\n<meta name=\"twitter:label1\" content=\"Tempo estimado de leitura\" \/>\n\t<meta name=\"twitter:data1\" content=\"1 minuto\" \/>\n<script type=\"application\/ld+json\" class=\"yoast-schema-graph\">{\"@context\":\"https:\/\/schema.org\",\"@graph\":[{\"@type\":\"WebPage\",\"@id\":\"https:\/\/portoalities.com\/en\/add_faq\/is-the-half-day-tour-of-porto-appropriate-for-children\/\",\"url\":\"https:\/\/portoalities.com\/en\/add_faq\/is-the-half-day-tour-of-porto-appropriate-for-children\/\",\"name\":\"O tour de meio dia no Porto \u00e9 apropriado para crian\u00e7as? - Portoalities: Travel blog and Private tours in Porto and Douro Valley\",\"isPartOf\":{\"@id\":\"https:\/\/portoalities.com\/en\/#website\"},\"datePublished\":\"2023-03-29T13:51:43+00:00\",\"dateModified\":\"2023-05-03T10:17:54+00:00\",\"breadcrumb\":{\"@id\":\"https:\/\/portoalities.com\/en\/add_faq\/is-the-half-day-tour-of-porto-appropriate-for-children\/#breadcrumb\"},\"inLanguage\":\"pt-PT\",\"potentialAction\":[{\"@type\":\"ReadAction\",\"target\":[\"https:\/\/portoalities.com\/en\/add_faq\/is-the-half-day-tour-of-porto-appropriate-for-children\/\"]}]},{\"@type\":\"BreadcrumbList\",\"@id\":\"https:\/\/portoalities.com\/en\/add_faq\/is-the-half-day-tour-of-porto-appropriate-for-children\/#breadcrumb\",\"itemListElement\":[{\"@type\":\"ListItem\",\"position\":1,\"name\":\"Home\",\"item\":\"https:\/\/portoalities.com\/pt\/\"},{\"@type\":\"ListItem\",\"position\":2,\"name\":\"O tour de meio dia no Porto \u00e9 apropriado para crian\u00e7as?\"}]},{\"@type\":\"WebSite\",\"@id\":\"https:\/\/portoalities.com\/en\/#website\",\"url\":\"https:\/\/portoalities.com\/en\/\",\"name\":\"Portoalities: Travel blog and Private tours in Porto and Douro Valley\",\"description\":\"\",\"potentialAction\":[{\"@type\":\"SearchAction\",\"target\":{\"@type\":\"EntryPoint\",\"urlTemplate\":\"https:\/\/portoalities.com\/en\/?s={search_term_string}\"},\"query-input\":{\"@type\":\"PropertyValueSpecification\",\"valueRequired\":true,\"valueName\":\"search_term_string\"}}],\"inLanguage\":\"pt-PT\"}]}<\/script>\n<!-- \/ Yoast SEO plugin. -->","yoast_head_json":{"title":"O tour de meio dia no Porto \u00e9 apropriado para crian\u00e7as? - Portoalities: Travel blog and Private tours in Porto and Douro Valley","robots":{"index":"index","follow":"follow","max-snippet":"max-snippet:-1","max-image-preview":"max-image-preview:large","max-video-preview":"max-video-preview:-1"},"canonical":"https:\/\/portoalities.com\/en\/add_faq\/is-the-half-day-tour-of-porto-appropriate-for-children\/","og_locale":"pt_PT","og_type":"article","og_title":"O tour de meio dia no Porto \u00e9 apropriado para crian\u00e7as? - Portoalities: Travel blog and Private tours in Porto and Douro Valley","og_description":"Embora o nossa tour de meio dia no Porto tenha um conte\u00fado focado na hist\u00f3ria que pode n\u00e3o ser ideal\u2026","og_url":"https:\/\/portoalities.com\/en\/add_faq\/is-the-half-day-tour-of-porto-appropriate-for-children\/","og_site_name":"Portoalities: Travel blog and Private tours in Porto and Douro Valley","article_modified_time":"2023-05-03T10:17:54+00:00","twitter_card":"summary_large_image","twitter_misc":{"Tempo estimado de leitura":"1 minuto"},"schema":{"@context":"https:\/\/schema.org","@graph":[{"@type":"WebPage","@id":"https:\/\/portoalities.com\/en\/add_faq\/is-the-half-day-tour-of-porto-appropriate-for-children\/","url":"https:\/\/portoalities.com\/en\/add_faq\/is-the-half-day-tour-of-porto-appropriate-for-children\/","name":"O tour de meio dia no Porto \u00e9 apropriado para crian\u00e7as? - Portoalities: Travel blog and Private tours in Porto and Douro Valley","isPartOf":{"@id":"https:\/\/portoalities.com\/en\/#website"},"datePublished":"2023-03-29T13:51:43+00:00","dateModified":"2023-05-03T10:17:54+00:00","breadcrumb":{"@id":"https:\/\/portoalities.com\/en\/add_faq\/is-the-half-day-tour-of-porto-appropriate-for-children\/#breadcrumb"},"inLanguage":"pt-PT","potentialAction":[{"@type":"ReadAction","target":["https:\/\/portoalities.com\/en\/add_faq\/is-the-half-day-tour-of-porto-appropriate-for-children\/"]}]},{"@type":"BreadcrumbList","@id":"https:\/\/portoalities.com\/en\/add_faq\/is-the-half-day-tour-of-porto-appropriate-for-children\/#breadcrumb","itemListElement":[{"@type":"ListItem","position":1,"name":"Home","item":"https:\/\/portoalities.com\/pt\/"},{"@type":"ListItem","position":2,"name":"O tour de meio dia no Porto \u00e9 apropriado para crian\u00e7as?"}]},{"@type":"WebSite","@id":"https:\/\/portoalities.com\/en\/#website","url":"https:\/\/portoalities.com\/en\/","name":"Portoalities: Travel blog and Private tours in Porto and Douro Valley","description":"","potentialAction":[{"@type":"SearchAction","target":{"@type":"EntryPoint","urlTemplate":"https:\/\/portoalities.com\/en\/?s={search_term_string}"},"query-input":{"@type":"PropertyValueSpecification","valueRequired":true,"valueName":"search_term_string"}}],"inLanguage":"pt-PT"}]}},"_links":{"self":[{"href":"https:\/\/portoalities.com\/pt\/wp-json\/wp\/v2\/add_faq\/111020","targetHints":{"allow":["GET"]}}],"collection":[{"href":"https:\/\/portoalities.com\/pt\/wp-json\/wp\/v2\/add_faq"}],"about":[{"href":"https:\/\/portoalities.com\/pt\/wp-json\/wp\/v2\/types\/add_faq"}],"wp:attachment":[{"href":"https:\/\/portoalities.com\/pt\/wp-json\/wp\/v2\/media?parent=111020"}],"curies":[{"name":"wp","href":"https:\/\/api.w.org\/{rel}","templated":true}]}}

O tour de meio dia no Porto é apropriado para crianças?

<p>Embora o nossa tour de meio dia no Porto tenha um conteúdo focado na história que pode não ser ideal para crianças muito pequenas, nossos guias são e ótimos com crianças. Damos as boas vindas a todas as famílias com crianças que se juntarem a nós em nossos tours, garantindo que todos se sintam incluídos e engajados.</p>

<p>Além disso, durante os nossos tours fazemos sempre uma paragem na melhor sorveteria do Porto, que é um sucesso entre os miúdos (e os adultos também!). Então, traga os mais pequenos e deixe-nos mostrar-lhes o melhor do Porto!</p>

<p>Embora o nossa tour de meio dia no Porto tenha um conteúdo focado na história que pode não ser ideal…</p>

<!-- This site is optimized with the Yoast SEO plugin v27.2 - https://yoast.com/product/yoast-seo-wordpress/ -->
<title>O tour de meio dia no Porto é apropriado para crianças? - Portoalities: Travel blog and Private tours in Porto and Douro Valley</title>
<meta name="robots" content="index, follow, max-snippet:-1, max-image-preview:large, max-video-preview:-1" />
<link rel="canonical" href="https://portoalities.com/en/add_faq/is-the-half-day-tour-of-porto-appropriate-for-children/" />
<meta property="og:locale" content="pt_PT" />
<meta property="og:type" content="article" />
<meta property="og:title" content="O tour de meio dia no Porto é apropriado para crianças? - Portoalities: Travel blog and Private tours in Porto and Douro Valley" />
<meta property="og:description" content="Embora o nossa tour de meio dia no Porto tenha um conteúdo focado na história que pode não ser ideal…" />
<meta property="og:url" content="https://portoalities.com/en/add_faq/is-the-half-day-tour-of-porto-appropriate-for-children/" />
<meta property="og:site_name" content="Portoalities: Travel blog and Private tours in Porto and Douro Valley" />
<meta property="article:modified_time" content="2023-05-03T10:17:54+00:00" />
<meta name="twitter:card" content="summary_large_image" />
<meta name="twitter:label1" content="Tempo estimado de leitura" />
	<meta name="twitter:data1" content="1 minuto" />
<script type="application/ld+json" class="yoast-schema-graph">{"@context":"https://schema.org","@graph":[{"@type":"WebPage","@id":"https://portoalities.com/en/add_faq/is-the-half-day-tour-of-porto-appropriate-for-children/","url":"https://portoalities.com/en/add_faq/is-the-half-day-tour-of-porto-appropriate-for-children/","name":"O tour de meio dia no Porto é apropriado para crianças? - Portoalities: Travel blog and Private tours in Porto and Douro Valley","isPartOf":{"@id":"https://portoalities.com/en/#website"},"datePublished":"2023-03-29T13:51:43+00:00","dateModified":"2023-05-03T10:17:54+00:00","breadcrumb":{"@id":"https://portoalities.com/en/add_faq/is-the-half-day-tour-of-porto-appropriate-for-children/#breadcrumb"},"inLanguage":"pt-PT","potentialAction":[{"@type":"ReadAction","target":["https://portoalities.com/en/add_faq/is-the-half-day-tour-of-porto-appropriate-for-children/"]}]},{"@type":"BreadcrumbList","@id":"https://portoalities.com/en/add_faq/is-the-half-day-tour-of-porto-appropriate-for-children/#breadcrumb","itemListElement":[{"@type":"ListItem","position":1,"name":"Home","item":"https://portoalities.com/pt/"},{"@type":"ListItem","position":2,"name":"O tour de meio dia no Porto é apropriado para crianças?"}]},{"@type":"WebSite","@id":"https://portoalities.com/en/#website","url":"https://portoalities.com/en/","name":"Portoalities: Travel blog and Private tours in Porto and Douro Valley","description":"","potentialAction":[{"@type":"SearchAction","target":{"@type":"EntryPoint","urlTemplate":"https://portoalities.com/en/?s={search_term_string}"},"query-input":{"@type":"PropertyValueSpecification","valueRequired":true,"valueName":"search_term_string"}}],"inLanguage":"pt-PT"}]}</script>
<!-- / Yoast SEO plugin. -->

O tour de meio dia no Porto é apropriado para crianças? - Portoalities: Travel blog and Private tours in Porto and Douro Valley

Embora o nossa tour de meio dia no Porto tenha um conteúdo focado na história que pode não ser ideal…
